{"id":1958,"date":"2025-04-29T10:57:25","date_gmt":"2025-04-29T15:57:25","guid":{"rendered":"https:\/\/fcb.unsa.edu.pe\/biologia\/?page_id=1958"},"modified":"2025-04-29T12:15:35","modified_gmt":"2025-04-29T17:15:35","slug":"archivo-de-publicaciones","status":"publish","type":"page","link":"https:\/\/fcb.unsa.edu.pe\/biologia\/archivo-de-publicaciones\/","title":{"rendered":"ARCHIVO DE PUBLICACIONES"},"content":{"rendered":"<p><strong>2025<\/strong><\/p>\n<p>Abril<\/p>\n<h6>11 abril 2025|<a href=\"https:\/\/fcb.unsa.edu.pe\/biologia\/eventos\/estudiantes-de-biologia-unsa-conocen-oportunidades-de-investigacion-en-areas-naturales-protegidas\/\">Comunidad agustina conoce oportunidades de investigaci\u00f3n en \u00e1reas naturales protegidas<\/a><\/h6>\n<h6>11 abril 2025|<a href=\"https:\/\/www.unsa.edu.pe\/comunidad-agustina-se-capacita-en-citometria-aplicada-a-la-investigacion-cientifica\/\">Comunidad agustina se capacita en citometr\u00eda aplicada a la investigaci\u00f3n cient\u00edfica<\/a><\/h6>\n<p><strong>2024<\/strong><\/p>\n<h6>6 de diciembre 2024|<a href=\"https:\/\/fcb.unsa.edu.pe\/biologia\/eventos\/ceremonia-de-imposicion-de-mandiles-2024\/\">Imposici\u00f3n de Mandiles &#8211; Ingresantes 2024<\/a><\/h6>\n","protected":false},"excerpt":{"rendered":"<p>2025 Abril 11 abril 2025|Comunidad agustina conoce oportunidades de investigaci\u00f3n en \u00e1reas naturales protegidas 11 abril 2025|Comunidad agustina se capacita en citometr\u00eda aplicada a la investigaci\u00f3n cient\u00edfica 2024 6 de diciembre 2024|Imposici\u00f3n de Mandiles &#8211; Ingresantes 2024<\/p>\n","protected":false},"author":5,"featured_media":0,"parent":0,"menu_order":0,"comment_status":"closed","ping_status":"closed","template":"","meta":{"_acf_changed":false,"footnotes":""},"class_list":["post-1958","page","type-page","status-publish","hentry"],"acf":[],"_links":{"self":[{"href":"https:\/\/fcb.unsa.edu.pe\/biologia\/wp-json\/wp\/v2\/pages\/1958","targetHints":{"allow":["GET"]}}],"collection":[{"href":"https:\/\/fcb.unsa.edu.pe\/biologia\/wp-json\/wp\/v2\/pages"}],"about":[{"href":"https:\/\/fcb.unsa.edu.pe\/biologia\/wp-json\/wp\/v2\/types\/page"}],"author":[{"embeddable":true,"href":"https:\/\/fcb.unsa.edu.pe\/biologia\/wp-json\/wp\/v2\/users\/5"}],"replies":[{"embeddable":true,"href":"https:\/\/fcb.unsa.edu.pe\/biologia\/wp-json\/wp\/v2\/comments?post=1958"}],"version-history":[{"count":7,"href":"https:\/\/fcb.unsa.edu.pe\/biologia\/wp-json\/wp\/v2\/pages\/1958\/revisions"}],"predecessor-version":[{"id":1975,"href":"https:\/\/fcb.unsa.edu.pe\/biologia\/wp-json\/wp\/v2\/pages\/1958\/revisions\/1975"}],"wp:attachment":[{"href":"https:\/\/fcb.unsa.edu.pe\/biologia\/wp-json\/wp\/v2\/media?parent=1958"}],"curies":[{"name":"wp","href":"https:\/\/api.w.org\/{rel}","templated":true}]}}