{"id":2005,"date":"2025-12-04T09:36:55","date_gmt":"2025-12-04T14:36:55","guid":{"rendered":"https:\/\/fcb.unsa.edu.pe\/biologia\/?page_id=2005"},"modified":"2025-12-11T12:28:53","modified_gmt":"2025-12-11T17:28:53","slug":"2005-2","status":"publish","type":"page","link":"https:\/\/fcb.unsa.edu.pe\/biologia\/2005-2\/","title":{"rendered":"TR\u00c1MITES"},"content":{"rendered":"<h3 style=\"text-align: center\"><span style=\"color: #5e1500\"><strong>GESTI\u00d3N CERTIFICACIONES<\/strong><\/span><\/h3>\n<hr \/>\n<ul>\n<li><span style=\"color: #333333\"><strong><a style=\"color: #333333\" href=\"https:\/\/fcb.unsa.edu.pe\/biologia\/libreta-de-notas\/\" target=\"_blank\" rel=\"noopener\">LIBRETA DE NOTAS<\/a> <\/strong><\/span><\/li>\n<li><span style=\"color: #333333\"><strong><a style=\"color: #333333\" href=\"https:\/\/fcb.unsa.edu.pe\/biologia\/constancia-de-egresado\/\" target=\"_blank\" rel=\"noopener\">CONSTANCIA DE EGRESADO<\/a> <\/strong><\/span><\/li>\n<li><span style=\"color: #333333\"><strong><a style=\"color: #333333\" href=\"https:\/\/fcb.unsa.edu.pe\/biologia\/constancia-de-primera-matricula-pregrado\/\" target=\"_blank\" rel=\"noopener\">CONSTANCIA DE PRIMERA MATR\u00cdCULA PREGRADO<\/a> <\/strong><\/span><\/li>\n<li><span style=\"color: #333333\"><strong><a style=\"color: #333333\" href=\"https:\/\/fcb.unsa.edu.pe\/biologia\/certificado-de-estudios-pregrado\/\" target=\"_blank\" rel=\"noopener\">CERTIFICADO DE ESTUDIOS PREGRADO<\/a> <\/strong><\/span><\/li>\n<li><span style=\"color: #333333\"><strong><a style=\"color: #333333\" href=\"https:\/\/fcb.unsa.edu.pe\/biologia\/actualizacion-de-foto\/\" target=\"_blank\" rel=\"noopener\">ACTUALIZACI\u00d3N DE FOTO<\/a> <\/strong><\/span><\/li>\n<\/ul>\n<h3 style=\"text-align: center\"><span style=\"color: #5e1500\"><strong>GESTI\u00d3N MATR\u00cdCULAS<\/strong><\/span><\/h3>\n<hr \/>\n<ul>\n<li><span style=\"color: #333333\"><strong><a style=\"color: #333333\" href=\"https:\/\/fcb.unsa.edu.pe\/biologia\/regularizacion-de-expedientes-ingresantes\/\" target=\"_blank\" rel=\"noopener\">REGULARIZACI\u00d3N DE EXPEDIENTES<\/a><\/strong> <strong><a style=\"color: #333333\" href=\"https:\/\/fcb.unsa.edu.pe\/biologia\/libreta-de-notas\/\">INGRESANTES<\/a><\/strong><\/span><\/li>\n<li><span style=\"color: #333333\"><strong style=\"font-size: 16px\"><a style=\"color: #333333\" href=\"https:\/\/fcb.unsa.edu.pe\/biologia\/reactualizacion-de-matricula\/\" target=\"_blank\" rel=\"noopener\">REACTUALIZACI\u00d3N DE MATR\u00cdCULA<\/a><\/strong><\/span><\/li>\n<li><span style=\"color: #333333\"><strong><a style=\"color: #333333\" href=\"https:\/\/fcb.unsa.edu.pe\/biologia\/reserva-de-matricula\/\" target=\"_blank\" rel=\"noopener\">RESERVA DE MATR\u00cdCULA<\/a> <\/strong><\/span><\/li>\n<li><span style=\"color: #333333\"><a style=\"color: #333333\" href=\"https:\/\/fcb.unsa.edu.pe\/biologia\/matricula-regular\/\" target=\"_blank\" rel=\"noopener\"><strong>MATR\u00cdCULA REGULAR <\/strong><\/a><\/span><\/li>\n<li><span style=\"color: #333333\"><a style=\"color: #333333\" href=\"https:\/\/fcb.unsa.edu.pe\/biologia\/matricula-por-excepcion\/\" target=\"_blank\" rel=\"noopener\"><strong>MATR\u00cdCULA POR EXCEPCI\u00d3N <\/strong><\/a><\/span><\/li>\n<li><span style=\"color: #333333\"><a style=\"color: #333333\" href=\"https:\/\/fcb.unsa.edu.pe\/biologia\/retiro-de-matricula\/\" target=\"_blank\" rel=\"noopener\"><strong>RETIRO DE MATR\u00cdCULA <\/strong><\/a><\/span><\/li>\n<li><span style=\"color: #333333\"><a style=\"color: #333333\" href=\"https:\/\/fcb.unsa.edu.pe\/biologia\/anulacion-de-matricula\/\" target=\"_blank\" rel=\"noopener\"><strong>ANULACI\u00d3N DE MATR\u00cdCULA <\/strong><\/a><\/span><\/li>\n<li><span style=\"color: #333333\"><a style=\"color: #333333\" href=\"https:\/\/fcb.unsa.edu.pe\/biologia\/convalidaciones\/\" target=\"_blank\" rel=\"noopener\"><strong>CONVALIDACIONES <\/strong><\/a><\/span><\/li>\n<li><span style=\"color: #333333\"><a style=\"color: #333333\" href=\"https:\/\/fcb.unsa.edu.pe\/biologia\/evaluacion-por-jurado\/\" target=\"_blank\" rel=\"noopener\"><strong>EVALUACI\u00d3N POR JURADO<\/strong><\/a><\/span><\/li>\n<li><span style=\"color: #333333\"><a style=\"color: #333333\" href=\"https:\/\/fcb.unsa.edu.pe\/biologia\/retiro-excepcional\/\" target=\"_blank\" rel=\"noopener\"><strong>RETIRO EXCEPCIONAL\u00a0<\/strong><\/a><\/span><\/li>\n<\/ul>\n<h3 style=\"text-align: center\"><span style=\"color: #5e1500\"><strong>OTROS<\/strong><\/span><\/h3>\n<hr \/>\n<ul>\n<li><span style=\"color: #333333\"><a style=\"color: #333333\" href=\"https:\/\/fcb.unsa.edu.pe\/biologia\/alquiler-de-auditorio-de-biologia\/\" target=\"_blank\" rel=\"noopener\"><strong>ALQUILER AUDITORIO <\/strong><\/a><\/span><\/li>\n<li><span style=\"color: #333333\"><strong><a style=\"color: #333333\" href=\"https:\/\/fcb.unsa.edu.pe\/biologia\/cartapresentacionpreprof\/\" target=\"_blank\" rel=\"noopener\">SOLICITUD CARTA DE PRESENTACI\u00d3N (PRE PROFESIONALES)<\/a> <\/strong><\/span><\/li>\n<\/ul>\n<p data-start=\"74\" data-end=\"197\">Para cualquier consulta, pueden escribir al correo de la Escuela Profesional de Biolog\u00eda:<br data-start=\"167\" data-end=\"170\" \/>? <a class=\"decorated-link cursor-pointer\" rel=\"noopener\" data-start=\"175\" data-end=\"195\">biologia@unsa.edu.pe<\/a><\/p>\n","protected":false},"excerpt":{"rendered":"<p>GESTI\u00d3N CERTIFICACIONES LIBRETA DE NOTAS CONSTANCIA DE EGRESADO CONSTANCIA DE PRIMERA MATR\u00cdCULA PREGRADO CERTIFICADO DE ESTUDIOS PREGRADO ACTUALIZACI\u00d3N DE FOTO GESTI\u00d3N MATR\u00cdCULAS REGULARIZACI\u00d3N DE EXPEDIENTES INGRESANTES REACTUALIZACI\u00d3N DE MATR\u00cdCULA RESERVA DE MATR\u00cdCULA MATR\u00cdCULA REGULAR MATR\u00cdCULA POR EXCEPCI\u00d3N RETIRO DE MATR\u00cdCULA ANULACI\u00d3N DE MATR\u00cdCULA CONVALIDACIONES EVALUACI\u00d3N POR JURADO RETIRO EXCEPCIONAL\u00a0 OTROS ALQUILER AUDITORIO SOLICITUD CARTA DE [&hellip;]<\/p>\n","protected":false},"author":5,"featured_media":0,"parent":0,"menu_order":0,"comment_status":"closed","ping_status":"closed","template":"","meta":{"_acf_changed":false,"footnotes":""},"class_list":["post-2005","page","type-page","status-publish","hentry"],"acf":[],"_links":{"self":[{"href":"https:\/\/fcb.unsa.edu.pe\/biologia\/wp-json\/wp\/v2\/pages\/2005","targetHints":{"allow":["GET"]}}],"collection":[{"href":"https:\/\/fcb.unsa.edu.pe\/biologia\/wp-json\/wp\/v2\/pages"}],"about":[{"href":"https:\/\/fcb.unsa.edu.pe\/biologia\/wp-json\/wp\/v2\/types\/page"}],"author":[{"embeddable":true,"href":"https:\/\/fcb.unsa.edu.pe\/biologia\/wp-json\/wp\/v2\/users\/5"}],"replies":[{"embeddable":true,"href":"https:\/\/fcb.unsa.edu.pe\/biologia\/wp-json\/wp\/v2\/comments?post=2005"}],"version-history":[{"count":22,"href":"https:\/\/fcb.unsa.edu.pe\/biologia\/wp-json\/wp\/v2\/pages\/2005\/revisions"}],"predecessor-version":[{"id":2090,"href":"https:\/\/fcb.unsa.edu.pe\/biologia\/wp-json\/wp\/v2\/pages\/2005\/revisions\/2090"}],"wp:attachment":[{"href":"https:\/\/fcb.unsa.edu.pe\/biologia\/wp-json\/wp\/v2\/media?parent=2005"}],"curies":[{"name":"wp","href":"https:\/\/api.w.org\/{rel}","templated":true}]}}