{"id":2019,"date":"2025-12-04T11:02:50","date_gmt":"2025-12-04T16:02:50","guid":{"rendered":"https:\/\/fcb.unsa.edu.pe\/biologia\/?page_id=2019"},"modified":"2025-12-04T11:26:25","modified_gmt":"2025-12-04T16:26:25","slug":"constancia-de-egresado","status":"publish","type":"page","link":"https:\/\/fcb.unsa.edu.pe\/biologia\/constancia-de-egresado\/","title":{"rendered":"CONSTANCIA DE EGRESADO"},"content":{"rendered":"<h4>Procedimiento<\/h4>\n<div class=\"lista--pasos\">\n<ol>\n<li>Pague\u00a0<span class=\"txt--des bgvalor\">S\/ 20.00<\/span>\n<ul>\n<li><strong>Pago presencial:<\/strong>\u00a0en las cajas habilitadas en la universidad o en la Caja Central ubicada en la Calle Moral 103, Arequipa<\/li>\n<li><strong>Pago Virtual:\u00a0<\/strong>\u00a0Para realizar este procedimiento debe contar con\u00a0<strong>su correo (@unsa.edu.pe) institucional activo.<\/strong>\n<ul>\n<li>Realice el dep\u00f3sito en una de estas opciones:\n<ul>\n<li>Banco de la Naci\u00f3n Nro. Cuenta\u00a0<span class=\"txt--des bgamarillo\">00101202992<\/span>\u00a0CCI: (018101000101202992-60)<\/li>\n<li>Ventanilla o Agente BCP\u00a0<span class=\"txt--des bgazul\">Pagos Varios<\/span>: Nro. Cuenta\u00a0<span class=\"txt--des bgamarillo\">2151588792019<\/span>\u00a0CCI: (002215001588792019-25) .<\/li>\n<\/ul>\n<\/li>\n<li>Luego del pago, canjea el voucher en la plataforma\u00a0<a href=\"https:\/\/ouis.unsa.edu.pe\/unsapay\/\" target=\"_blank\" rel=\"noopener\">UNSApay.<\/a><\/li>\n<\/ul>\n<\/li>\n<\/ul>\n<\/li>\n<li>Escribe una solicitud al correo <a href=\"mailto:dufa@unsa.edu.pe\">dsa@unsa.edu.pe<\/a>\u00a0con\u00a0estos datos:\u00a0<strong>Nombres, DNI, Carrera, CUI y adjunta la boleta electr\u00f3nica<\/strong>\u00a0en formato PDF.<\/li>\n<li>El documento se enviar\u00e1 a tu correo vigente.<\/li>\n<\/ol>\n<div>\n<p data-start=\"51\" data-end=\"382\"><em><strong data-start=\"51\" data-end=\"60\">Nota:<\/strong> <\/em>En caso de que la Direcci\u00f3n de Servicios Acad\u00e9micos indique que <em data-start=\"125\" data-end=\"160\">no est\u00e1 registrado como egresado<\/em>, deber\u00e1 escribir al correo de la Escuela Profesional de Biolog\u00eda: <strong data-start=\"227\" data-end=\"251\"><a class=\"decorated-link cursor-pointer\" rel=\"noopener\" data-start=\"229\" data-end=\"249\">biologia@unsa.edu.pe<\/a><\/strong>, a fin de gestionar su <strong data-start=\"275\" data-end=\"296\">Informe de Egreso<\/strong>. Para ello, deber\u00e1 enviar <strong data-start=\"323\" data-end=\"354\">todo en un solo archivo PDF<\/strong>, que contenga lo siguiente:<\/p>\n<ul data-start=\"384\" data-end=\"689\">\n<li data-start=\"384\" data-end=\"577\">\n<p data-start=\"386\" data-end=\"577\"><strong data-start=\"386\" data-end=\"406\">Solicitud simple<\/strong> dirigida al Director de la Escuela Profesional de Biolog\u00eda, indicando:<br data-start=\"477\" data-end=\"480\" \/><strong data-start=\"482\" data-end=\"539\">Nombre completo, DNI, Carrera, CUI, n\u00famero de celular.<\/strong><\/p>\n<\/li>\n<li data-start=\"578\" data-end=\"610\">\n<p data-start=\"580\" data-end=\"610\"><strong data-start=\"580\" data-end=\"607\">Certificado de estudios<\/strong>.<\/p>\n<\/li>\n<li data-start=\"611\" data-end=\"636\">\n<p data-start=\"613\" data-end=\"636\"><strong data-start=\"613\" data-end=\"633\">Libreta de notas<\/strong>.<\/p>\n<\/li>\n<li data-start=\"637\" data-end=\"658\">\n<p data-start=\"639\" data-end=\"658\"><strong data-start=\"639\" data-end=\"655\">Copia de DNI<\/strong>.<\/p>\n<\/li>\n<li data-start=\"659\" data-end=\"689\">\n<p data-start=\"661\" data-end=\"689\"><strong data-start=\"661\" data-end=\"688\">Fotograf\u00eda tama\u00f1o carn\u00e9<\/strong>.<\/p>\n<\/li>\n<\/ul>\n<\/div>\n<\/div>\n","protected":false},"excerpt":{"rendered":"<p>Procedimiento Pague\u00a0S\/ 20.00 Pago presencial:\u00a0en las cajas habilitadas en la universidad o en la Caja Central ubicada en la Calle Moral 103, Arequipa Pago Virtual:\u00a0\u00a0Para realizar este procedimiento debe contar con\u00a0su correo (@unsa.edu.pe) institucional activo. Realice el dep\u00f3sito en una de estas opciones: Banco de la Naci\u00f3n Nro. Cuenta\u00a000101202992\u00a0CCI: (018101000101202992-60) Ventanilla o Agente BCP\u00a0Pagos Varios: [&hellip;]<\/p>\n","protected":false},"author":5,"featured_media":0,"parent":0,"menu_order":0,"comment_status":"closed","ping_status":"closed","template":"","meta":{"_acf_changed":false,"footnotes":""},"class_list":["post-2019","page","type-page","status-publish","hentry"],"acf":[],"_links":{"self":[{"href":"https:\/\/fcb.unsa.edu.pe\/biologia\/wp-json\/wp\/v2\/pages\/2019","targetHints":{"allow":["GET"]}}],"collection":[{"href":"https:\/\/fcb.unsa.edu.pe\/biologia\/wp-json\/wp\/v2\/pages"}],"about":[{"href":"https:\/\/fcb.unsa.edu.pe\/biologia\/wp-json\/wp\/v2\/types\/page"}],"author":[{"embeddable":true,"href":"https:\/\/fcb.unsa.edu.pe\/biologia\/wp-json\/wp\/v2\/users\/5"}],"replies":[{"embeddable":true,"href":"https:\/\/fcb.unsa.edu.pe\/biologia\/wp-json\/wp\/v2\/comments?post=2019"}],"version-history":[{"count":2,"href":"https:\/\/fcb.unsa.edu.pe\/biologia\/wp-json\/wp\/v2\/pages\/2019\/revisions"}],"predecessor-version":[{"id":2043,"href":"https:\/\/fcb.unsa.edu.pe\/biologia\/wp-json\/wp\/v2\/pages\/2019\/revisions\/2043"}],"wp:attachment":[{"href":"https:\/\/fcb.unsa.edu.pe\/biologia\/wp-json\/wp\/v2\/media?parent=2019"}],"curies":[{"name":"wp","href":"https:\/\/api.w.org\/{rel}","templated":true}]}}