{"id":2052,"date":"2025-12-04T11:38:29","date_gmt":"2025-12-04T16:38:29","guid":{"rendered":"https:\/\/fcb.unsa.edu.pe\/biologia\/?page_id=2052"},"modified":"2025-12-04T11:38:48","modified_gmt":"2025-12-04T16:38:48","slug":"regularizacion-de-expedientes-ingresantes","status":"publish","type":"page","link":"https:\/\/fcb.unsa.edu.pe\/biologia\/regularizacion-de-expedientes-ingresantes\/","title":{"rendered":"REGULARIZACI\u00d3N DE EXPEDIENTES INGRESANTES"},"content":{"rendered":"<div class=\"x14z9mp xat24cr x1lziwak x1vvkbs xtlvy1s x126k92a\">\n<div dir=\"auto\">Si eres ingresante 2025, debes completar la Regularizaci\u00f3n de Expediente del 17 al 21 de marzo (100% virtual).<\/div>\n<\/div>\n<div class=\"x14z9mp xat24cr x1lziwak x1vvkbs xtlvy1s x126k92a\">\n<div dir=\"auto\"><strong>Procedimiento:<\/strong><\/div>\n<ul>\n<li dir=\"auto\">Realizar el pago de S\/ 81.00 a la cuenta UNSA VIRTUAL usando el c\u00f3digo brindado en su correo.<\/li>\n<li dir=\"auto\">Esperar 30 minutos despu\u00e9s del pago.<\/li>\n<li dir=\"auto\">Ingresar a <span class=\"html-span xdj266r x14z9mp xat24cr x1lziwak xexx8yu xyri2b x18d9i69 x1c1uobl x1hl2dhg x16tdsg8 x1vvkbs\"><a class=\"x1i10hfl xjbqb8w x1ejq31n x18oe1m7 x1sy0etr xstzfhl x972fbf x10w94by x1qhh985 x14e42zd x9f619 x1ypdohk xt0psk2 x3ct3a4 xdj266r x14z9mp xat24cr x1lziwak xexx8yu xyri2b x18d9i69 x1c1uobl x16tdsg8 x1hl2dhg xggy1nq x1a2a7pz xkrqix3 x1sur9pj x1fey0fg x1s688f\" role=\"link\" href=\"https:\/\/apps.unsa.edu.pe\/sisadmision\/public\/?fbclid=IwZXh0bgNhZW0CMTAAYnJpZBExYk1qd0k2aGtMSUJqVnB1eXNydGMGYXBwX2lkEDIyMjAzOTE3ODgyMDA4OTIAAR7CwnVuqs5ofB8t4tm49V_oaxCVGgfl-nmWN2Vd6z42d1wxEqgOy778OdJZcA_aem__D0-UWCI3vgsGr6qgdsWzw\" target=\"_blank\" rel=\"nofollow noopener noreferrer\">https:\/\/apps.unsa.edu.pe\/sisadmision\/public\/<\/a><\/span> (SIS Admisi\u00f3n &#8211; Adjuntamos Link), loguearse con el correo personal con el que postularon, elegir la opci\u00f3n Regularizaci\u00f3n de Expedientes y subir los documentos requeridos.<\/li>\n<li dir=\"auto\">Estar atento a la l\u00ednea de tiempo para correcciones y confirmaci\u00f3n del proceso.<\/li>\n<li dir=\"auto\">Adjuntar el Certificado de Estudios y DNI . La misma p\u00e1gina confirmar\u00e1 si el procedimiento ha sido completado correctamente.<\/li>\n<\/ul>\n<\/div>\n","protected":false},"excerpt":{"rendered":"<p>Si eres ingresante 2025, debes completar la Regularizaci\u00f3n de Expediente del 17 al 21 de marzo (100% virtual). Procedimiento: Realizar el pago de S\/ 81.00 a la cuenta UNSA VIRTUAL usando el c\u00f3digo brindado en su correo. Esperar 30 minutos despu\u00e9s del pago. Ingresar a https:\/\/apps.unsa.edu.pe\/sisadmision\/public\/ (SIS Admisi\u00f3n &#8211; Adjuntamos Link), loguearse con el correo [&hellip;]<\/p>\n","protected":false},"author":5,"featured_media":0,"parent":0,"menu_order":0,"comment_status":"closed","ping_status":"closed","template":"","meta":{"_acf_changed":false,"footnotes":""},"class_list":["post-2052","page","type-page","status-publish","hentry"],"acf":[],"_links":{"self":[{"href":"https:\/\/fcb.unsa.edu.pe\/biologia\/wp-json\/wp\/v2\/pages\/2052","targetHints":{"allow":["GET"]}}],"collection":[{"href":"https:\/\/fcb.unsa.edu.pe\/biologia\/wp-json\/wp\/v2\/pages"}],"about":[{"href":"https:\/\/fcb.unsa.edu.pe\/biologia\/wp-json\/wp\/v2\/types\/page"}],"author":[{"embeddable":true,"href":"https:\/\/fcb.unsa.edu.pe\/biologia\/wp-json\/wp\/v2\/users\/5"}],"replies":[{"embeddable":true,"href":"https:\/\/fcb.unsa.edu.pe\/biologia\/wp-json\/wp\/v2\/comments?post=2052"}],"version-history":[{"count":1,"href":"https:\/\/fcb.unsa.edu.pe\/biologia\/wp-json\/wp\/v2\/pages\/2052\/revisions"}],"predecessor-version":[{"id":2062,"href":"https:\/\/fcb.unsa.edu.pe\/biologia\/wp-json\/wp\/v2\/pages\/2052\/revisions\/2062"}],"wp:attachment":[{"href":"https:\/\/fcb.unsa.edu.pe\/biologia\/wp-json\/wp\/v2\/media?parent=2052"}],"curies":[{"name":"wp","href":"https:\/\/api.w.org\/{rel}","templated":true}]}}