{"id":2058,"date":"2025-12-04T11:49:41","date_gmt":"2025-12-04T16:49:41","guid":{"rendered":"https:\/\/fcb.unsa.edu.pe\/biologia\/?page_id=2058"},"modified":"2025-12-04T11:49:41","modified_gmt":"2025-12-04T16:49:41","slug":"anulacion-de-matricula","status":"publish","type":"page","link":"https:\/\/fcb.unsa.edu.pe\/biologia\/anulacion-de-matricula\/","title":{"rendered":"ANULACI\u00d3N DE MATR\u00cdCULA"},"content":{"rendered":"<p><strong>REGLAMENTO DE MATR\u00cdCULA<\/strong><br \/>\nArt. 23.- Se considera anulaci\u00f3n de Matr\u00edcula, cuando el estudiante solicita el retiro de todos los cursos en los que se haya matriculado, por razones justificadas y en el plazo previsto en el cronograma acad\u00e9mico [&#8230;] Esta facultad podr\u00e1 usarse hasta por dos veces.<\/p>\n<p><a href=\"http:\/\/matricula.unsa.edu.pe\/doc\/reglamento_matricula_2020_modi.pdf\">Ver m\u00e1s<\/a><\/p>\n<p><strong>MONTO DE PAGO<\/strong><br \/>\nAnulaci\u00f3n de matr\u00edcula: S\/.31.00<\/p>\n<p><img decoding=\"async\" src=\"https:\/\/vra.unsa.edu.pe\/dsa\/wp-content\/uploads\/sites\/3\/2023\/01\/3.7-Anulacion-de-matricula-1024x768.jpg\" alt=\"\" \/><\/p>\n","protected":false},"excerpt":{"rendered":"<p>REGLAMENTO DE MATR\u00cdCULA Art. 23.- Se considera anulaci\u00f3n de Matr\u00edcula, cuando el estudiante solicita el retiro de todos los cursos en los que se haya matriculado, por razones justificadas y en el plazo previsto en el cronograma acad\u00e9mico [&#8230;] Esta facultad podr\u00e1 usarse hasta por dos veces. Ver m\u00e1s MONTO DE PAGO Anulaci\u00f3n de matr\u00edcula: [&hellip;]<\/p>\n","protected":false},"author":5,"featured_media":0,"parent":0,"menu_order":0,"comment_status":"closed","ping_status":"closed","template":"","meta":{"_acf_changed":false,"footnotes":""},"class_list":["post-2058","page","type-page","status-publish","hentry"],"acf":[],"_links":{"self":[{"href":"https:\/\/fcb.unsa.edu.pe\/biologia\/wp-json\/wp\/v2\/pages\/2058","targetHints":{"allow":["GET"]}}],"collection":[{"href":"https:\/\/fcb.unsa.edu.pe\/biologia\/wp-json\/wp\/v2\/pages"}],"about":[{"href":"https:\/\/fcb.unsa.edu.pe\/biologia\/wp-json\/wp\/v2\/types\/page"}],"author":[{"embeddable":true,"href":"https:\/\/fcb.unsa.edu.pe\/biologia\/wp-json\/wp\/v2\/users\/5"}],"replies":[{"embeddable":true,"href":"https:\/\/fcb.unsa.edu.pe\/biologia\/wp-json\/wp\/v2\/comments?post=2058"}],"version-history":[{"count":1,"href":"https:\/\/fcb.unsa.edu.pe\/biologia\/wp-json\/wp\/v2\/pages\/2058\/revisions"}],"predecessor-version":[{"id":2071,"href":"https:\/\/fcb.unsa.edu.pe\/biologia\/wp-json\/wp\/v2\/pages\/2058\/revisions\/2071"}],"wp:attachment":[{"href":"https:\/\/fcb.unsa.edu.pe\/biologia\/wp-json\/wp\/v2\/media?parent=2058"}],"curies":[{"name":"wp","href":"https:\/\/api.w.org\/{rel}","templated":true}]}}