{"id":1284,"date":"2017-09-08T14:31:23","date_gmt":"2017-09-08T14:31:23","guid":{"rendered":"http:\/\/www2.unsa.edu.pe\/escuelas\/nutricion\/?page_id=1284"},"modified":"2025-10-24T13:05:50","modified_gmt":"2025-10-24T18:05:50","slug":"presentacion","status":"publish","type":"page","link":"https:\/\/fcb.unsa.edu.pe\/nutricion\/presentacion\/","title":{"rendered":"Presentaci\u00f3n"},"content":{"rendered":"<p>El\u00a0<strong>Programa de Estudios de Ciencias de la Nutrici\u00f3n\u00a0<\/strong> conformado por la Escuela Profesional y Departamento Acad\u00e9mico, busca formar\u00a0 nutricionistas de alto nivel, altamente competitivos, humanistas con calidad y capacidad innovadora que permiten contribuir a la soluci\u00f3n de la problem\u00e1tica alimentaria nutricional y al desarrollo de nuestra regi\u00f3n y del pa\u00eds.<\/p>\n<p>El Profesional de Ciencias de la Nutrici\u00f3n, est\u00e1 preparado para desempe\u00f1arse en las \u00c1reas de Nutrici\u00f3n Cl\u00ednica; Nutrici\u00f3n p\u00fablica; Ciencia y tecnolog\u00eda alimentaria; Nutrici\u00f3n, actividad f\u00edsica y deporte; en Centros de restauraci\u00f3n colectiva y en Docencia e investigaci\u00f3n.<\/p>\n<p>Asimismo con la participaci\u00f3n de los estudiantes, Docentes, Personal administrativo, Egresados y Grupos de Inter\u00e9s Externos realizan acciones que contribuyan al aseguramiento y sostenibilidad de la Calidad Educativa Superior Universitaria del Programa de Estudios.<\/p>\n<p>Para periodo 2024-2025 se viene realizando acciones de mejora continua a trav\u00e9s del proceso de Acreditaci\u00f3n Internacional\u00a0 con el Modelo de los Comit\u00e9s Interinstitucionales para la Evaluaci\u00f3n de la educaci\u00f3n superior CIEES de M\u00e9xico; supervisi\u00f3n de las condiciones b\u00e1sicas de calidad y desarrollo de los procesos de Sistema de Gesti\u00f3n de Calidad, actividades que contribuir\u00e1n al logro de los objetivos institucionales.<\/p>\n<p>&nbsp;<\/p>\n<p style=\"text-align: center\"><strong>Dra. Melani Calle rojas<\/strong><\/p>\n<p style=\"text-align: center\"><strong>Directora de la Escuela Profesional de Ciencias de la Nutrici\u00f3n<\/strong><\/p>\n<p>&nbsp;<\/p>\n","protected":false},"excerpt":{"rendered":"<p>El\u00a0Programa de Estudios de Ciencias de la Nutrici\u00f3n\u00a0 conformado por la Escuela Profesional y Departamento Acad\u00e9mico, busca formar\u00a0 nutricionistas de alto nivel, altamente competitivos, humanistas con calidad y capacidad innovadora que permiten contribuir a la soluci\u00f3n de la problem\u00e1tica alimentaria nutricional y al desarrollo de nuestra regi\u00f3n y del pa\u00eds. El Profesional de Ciencias de [&hellip;]<\/p>\n","protected":false},"author":1,"featured_media":4603,"parent":0,"menu_order":0,"comment_status":"closed","ping_status":"closed","template":"page-imagen.php","meta":{"_acf_changed":false,"footnotes":""},"class_list":["post-1284","page","type-page","status-publish","has-post-thumbnail","hentry"],"acf":[],"_links":{"self":[{"href":"https:\/\/fcb.unsa.edu.pe\/nutricion\/wp-json\/wp\/v2\/pages\/1284","targetHints":{"allow":["GET"]}}],"collection":[{"href":"https:\/\/fcb.unsa.edu.pe\/nutricion\/wp-json\/wp\/v2\/pages"}],"about":[{"href":"https:\/\/fcb.unsa.edu.pe\/nutricion\/wp-json\/wp\/v2\/types\/page"}],"author":[{"embeddable":true,"href":"https:\/\/fcb.unsa.edu.pe\/nutricion\/wp-json\/wp\/v2\/users\/1"}],"replies":[{"embeddable":true,"href":"https:\/\/fcb.unsa.edu.pe\/nutricion\/wp-json\/wp\/v2\/comments?post=1284"}],"version-history":[{"count":26,"href":"https:\/\/fcb.unsa.edu.pe\/nutricion\/wp-json\/wp\/v2\/pages\/1284\/revisions"}],"predecessor-version":[{"id":4901,"href":"https:\/\/fcb.unsa.edu.pe\/nutricion\/wp-json\/wp\/v2\/pages\/1284\/revisions\/4901"}],"wp:featuredmedia":[{"embeddable":true,"href":"https:\/\/fcb.unsa.edu.pe\/nutricion\/wp-json\/wp\/v2\/media\/4603"}],"wp:attachment":[{"href":"https:\/\/fcb.unsa.edu.pe\/nutricion\/wp-json\/wp\/v2\/media?parent=1284"}],"curies":[{"name":"wp","href":"https:\/\/api.w.org\/{rel}","templated":true}]}}