{"id":2728,"date":"2022-03-31T22:00:02","date_gmt":"2022-04-01T03:00:02","guid":{"rendered":"https:\/\/fcb.unsa.edu.pe\/nutricion\/?page_id=2728"},"modified":"2024-10-03T09:04:01","modified_gmt":"2024-10-03T14:04:01","slug":"boletin-informativo-semestre-a-2022","status":"publish","type":"page","link":"https:\/\/fcb.unsa.edu.pe\/nutricion\/boletin-informativo-semestre-a-2022\/","title":{"rendered":"Bolet\u00edn Informativo"},"content":{"rendered":"<p><strong>UNIVERSIADA AREQUIPA 2024<\/strong><\/p>\n<p><img loading=\"lazy\" decoding=\"async\" class=\"size-full wp-image-3561 aligncenter\" src=\"https:\/\/fcb.unsa.edu.pe\/nutricion\/wp-content\/uploads\/sites\/3\/2024\/10\/jamilet.jpg\" alt=\"\" width=\"602\" height=\"386\" \/><\/p>\n<p style=\"text-align: center\">Nuestra distinguida alumna<strong> Jamilet Andrea Ramos lazo<\/strong>, tuvo una destacada participaci\u00f3n portando la Antorcha Ol\u00edmpica de los Juegos Deportivos Universitarios Nacionales 2024, anteriormente represent\u00f3 a la universidad en la disciplina de karate siendo campeona nacional.<\/p>\n<p>De igual manera nuestra alumna<strong> Luz de F\u00e1tima Pachari Quispe<\/strong> port\u00f3 la Antorcha Ol\u00edmpica en la inaguraci\u00f3n de los\u00a0 Juegos Deportivos Universitarios.<\/p>\n<p>&nbsp;<\/p>\n<p><img loading=\"lazy\" decoding=\"async\" class=\"aligncenter wp-image-3564\" src=\"https:\/\/fcb.unsa.edu.pe\/nutricion\/wp-content\/uploads\/sites\/3\/2024\/10\/universiada-2024.jpg\" alt=\"\" width=\"474\" height=\"588\" \/><\/p>\n<p>&nbsp;<\/p>\n<p><strong>OFICINA DE GESTI\u00d3N DE ASUNTOS ACAD\u00c9MICOS<\/strong><\/p>\n<p>AGOSTO 2024<\/p>\n<p>&nbsp;<\/p>\n<embed src=\"https:\/\/fcb.unsa.edu.pe\/nutricion\/wp-content\/uploads\/sites\/3\/2024\/10\/Boletin-Informativo_AGOSTO.pdf#page=1\" type=\"application\/pdf\" style=\"height: 70vh; width: 100%;\"><\/embed>\n<p>&nbsp;<\/p>\n","protected":false},"excerpt":{"rendered":"<p>UNIVERSIADA AREQUIPA 2024 Nuestra distinguida alumna Jamilet Andrea Ramos lazo, tuvo una destacada participaci\u00f3n portando la Antorcha Ol\u00edmpica de los Juegos Deportivos Universitarios Nacionales 2024, anteriormente represent\u00f3 a la universidad en la disciplina de karate siendo campeona nacional. De igual manera nuestra alumna Luz de F\u00e1tima Pachari Quispe port\u00f3 la Antorcha Ol\u00edmpica en la inaguraci\u00f3n [&hellip;]<\/p>\n","protected":false},"author":2,"featured_media":0,"parent":0,"menu_order":0,"comment_status":"closed","ping_status":"closed","template":"page-content-pdf.php","meta":{"_acf_changed":false,"footnotes":""},"class_list":["post-2728","page","type-page","status-publish","hentry"],"acf":[],"_links":{"self":[{"href":"https:\/\/fcb.unsa.edu.pe\/nutricion\/wp-json\/wp\/v2\/pages\/2728","targetHints":{"allow":["GET"]}}],"collection":[{"href":"https:\/\/fcb.unsa.edu.pe\/nutricion\/wp-json\/wp\/v2\/pages"}],"about":[{"href":"https:\/\/fcb.unsa.edu.pe\/nutricion\/wp-json\/wp\/v2\/types\/page"}],"author":[{"embeddable":true,"href":"https:\/\/fcb.unsa.edu.pe\/nutricion\/wp-json\/wp\/v2\/users\/2"}],"replies":[{"embeddable":true,"href":"https:\/\/fcb.unsa.edu.pe\/nutricion\/wp-json\/wp\/v2\/comments?post=2728"}],"version-history":[{"count":7,"href":"https:\/\/fcb.unsa.edu.pe\/nutricion\/wp-json\/wp\/v2\/pages\/2728\/revisions"}],"predecessor-version":[{"id":3584,"href":"https:\/\/fcb.unsa.edu.pe\/nutricion\/wp-json\/wp\/v2\/pages\/2728\/revisions\/3584"}],"wp:attachment":[{"href":"https:\/\/fcb.unsa.edu.pe\/nutricion\/wp-json\/wp\/v2\/media?parent=2728"}],"curies":[{"name":"wp","href":"https:\/\/api.w.org\/{rel}","templated":true}]}}