{"id":2894,"date":"2022-08-24T15:04:15","date_gmt":"2022-08-24T20:04:15","guid":{"rendered":"https:\/\/fcb.unsa.edu.pe\/nutricion\/?page_id=2894"},"modified":"2022-08-24T15:04:15","modified_gmt":"2022-08-24T20:04:15","slug":"reglamento-de-otorgamiento-de-subvenciones-economicas-a-favor-de-graduados-y-estudiantes-de-pregrado-de-la-unsa-para-el-desarrollo-de-actividades-academicas-2022","status":"publish","type":"page","link":"https:\/\/fcb.unsa.edu.pe\/nutricion\/reglamento-de-otorgamiento-de-subvenciones-economicas-a-favor-de-graduados-y-estudiantes-de-pregrado-de-la-unsa-para-el-desarrollo-de-actividades-academicas-2022\/","title":{"rendered":"REGLAMENTO DE OTORGAMIENTO DE SUBVENCIONES ECON\u00d3MICAS A FAVOR DE GRADUADOS Y ESTUDIANTES DE PREGRADO DE LA UNSA, PARA EL DESARROLLO DE ACTIVIDADES ACAD\u00c9MICAS 2022"},"content":{"rendered":"<p>REGLAMENTO DE OTORGAMIENTO DE SUBVENCIONES ECON\u00d3MICAS A FAVOR DE GRADUADOS Y ESTUDIANTES DE PREGRADO DE LA UNSA, PARA EL DESARROLLO DE ACTIVIDADES ACAD\u00c9MICAS 2022<\/p>\n<p>&nbsp;<\/p>\n","protected":false},"excerpt":{"rendered":"<p>REGLAMENTO DE OTORGAMIENTO DE SUBVENCIONES ECON\u00d3MICAS A FAVOR DE GRADUADOS Y ESTUDIANTES DE PREGRADO DE LA UNSA, PARA EL DESARROLLO DE ACTIVIDADES ACAD\u00c9MICAS 2022 &nbsp;<\/p>\n","protected":false},"author":2,"featured_media":0,"parent":0,"menu_order":0,"comment_status":"closed","ping_status":"closed","template":"page-content-pdf.php","meta":{"_acf_changed":false,"footnotes":""},"class_list":["post-2894","page","type-page","status-publish","hentry"],"acf":[],"_links":{"self":[{"href":"https:\/\/fcb.unsa.edu.pe\/nutricion\/wp-json\/wp\/v2\/pages\/2894","targetHints":{"allow":["GET"]}}],"collection":[{"href":"https:\/\/fcb.unsa.edu.pe\/nutricion\/wp-json\/wp\/v2\/pages"}],"about":[{"href":"https:\/\/fcb.unsa.edu.pe\/nutricion\/wp-json\/wp\/v2\/types\/page"}],"author":[{"embeddable":true,"href":"https:\/\/fcb.unsa.edu.pe\/nutricion\/wp-json\/wp\/v2\/users\/2"}],"replies":[{"embeddable":true,"href":"https:\/\/fcb.unsa.edu.pe\/nutricion\/wp-json\/wp\/v2\/comments?post=2894"}],"version-history":[{"count":1,"href":"https:\/\/fcb.unsa.edu.pe\/nutricion\/wp-json\/wp\/v2\/pages\/2894\/revisions"}],"predecessor-version":[{"id":2896,"href":"https:\/\/fcb.unsa.edu.pe\/nutricion\/wp-json\/wp\/v2\/pages\/2894\/revisions\/2896"}],"wp:attachment":[{"href":"https:\/\/fcb.unsa.edu.pe\/nutricion\/wp-json\/wp\/v2\/media?parent=2894"}],"curies":[{"name":"wp","href":"https:\/\/api.w.org\/{rel}","templated":true}]}}