{"id":1072,"date":"2017-07-11T14:43:20","date_gmt":"2017-07-11T14:43:20","guid":{"rendered":"http:\/\/www2.unsa.edu.pe\/escuelas\/ingpesquera\/?page_id=1072"},"modified":"2026-03-30T09:18:38","modified_gmt":"2026-03-30T14:18:38","slug":"1072-2","status":"publish","type":"page","link":"https:\/\/fcb.unsa.edu.pe\/pesquera\/1072-2\/","title":{"rendered":"Personal Administrativo"},"content":{"rendered":"<p>Personal Administrativo que presta servicio a la Escuela Profesional:<\/p>\n<table class=\"table table-striped\" cellspacing=\"0\" cellpadding=\"0\">\n<tbody>\n<tr>\n<th>Cargo<\/th>\n<th>Nombres y Apellidos<\/th>\n<\/tr>\n<tr>\n<td>Secretaria de Escuela<\/td>\n<td>Leonor Mar\u00eda Andia<\/td>\n<\/tr>\n<tr>\n<td>Conserjes<\/td>\n<td>Marco Antonio Torres Gom\u00e9z<\/p>\n<p>Dar\u00edo Quispe Vargas<\/td>\n<\/tr>\n<tr>\n<td>Responsable de Biblioteca<\/td>\n<td>Erasmo C\u00e1ceres Cari<\/td>\n<\/tr>\n<\/tbody>\n<\/table>\n","protected":false},"excerpt":{"rendered":"<p>Personal Administrativo que presta servicio a la Escuela Profesional: Cargo Nombres y Apellidos Secretaria de Escuela Leonor Mar\u00eda Andia Conserjes Marco Antonio Torres Gom\u00e9z Dar\u00edo Quispe Vargas Responsable de Biblioteca Erasmo C\u00e1ceres Cari<\/p>\n","protected":false},"author":1,"featured_media":2231,"parent":0,"menu_order":0,"comment_status":"closed","ping_status":"closed","template":"","meta":{"_acf_changed":false,"footnotes":""},"class_list":["post-1072","page","type-page","status-publish","has-post-thumbnail","hentry"],"acf":[],"_links":{"self":[{"href":"https:\/\/fcb.unsa.edu.pe\/pesquera\/wp-json\/wp\/v2\/pages\/1072","targetHints":{"allow":["GET"]}}],"collection":[{"href":"https:\/\/fcb.unsa.edu.pe\/pesquera\/wp-json\/wp\/v2\/pages"}],"about":[{"href":"https:\/\/fcb.unsa.edu.pe\/pesquera\/wp-json\/wp\/v2\/types\/page"}],"author":[{"embeddable":true,"href":"https:\/\/fcb.unsa.edu.pe\/pesquera\/wp-json\/wp\/v2\/users\/1"}],"replies":[{"embeddable":true,"href":"https:\/\/fcb.unsa.edu.pe\/pesquera\/wp-json\/wp\/v2\/comments?post=1072"}],"version-history":[{"count":9,"href":"https:\/\/fcb.unsa.edu.pe\/pesquera\/wp-json\/wp\/v2\/pages\/1072\/revisions"}],"predecessor-version":[{"id":2077,"href":"https:\/\/fcb.unsa.edu.pe\/pesquera\/wp-json\/wp\/v2\/pages\/1072\/revisions\/2077"}],"wp:featuredmedia":[{"embeddable":true,"href":"https:\/\/fcb.unsa.edu.pe\/pesquera\/wp-json\/wp\/v2\/media\/2231"}],"wp:attachment":[{"href":"https:\/\/fcb.unsa.edu.pe\/pesquera\/wp-json\/wp\/v2\/media?parent=1072"}],"curies":[{"name":"wp","href":"https:\/\/api.w.org\/{rel}","templated":true}]}}