{"id":1083,"date":"2017-07-11T14:52:18","date_gmt":"2017-07-11T14:52:18","guid":{"rendered":"http:\/\/www2.unsa.edu.pe\/escuelas\/ingpesquera\/?page_id=1083"},"modified":"2017-07-11T14:52:18","modified_gmt":"2017-07-11T14:52:18","slug":"titulo-profesional-de-ingenieria-pesquera","status":"publish","type":"page","link":"https:\/\/fcb.unsa.edu.pe\/pesquera\/titulo-profesional-de-ingenieria-pesquera\/","title":{"rendered":"T\u00edtulo Profesional de Ingenier\u00eda Pesquera"},"content":{"rendered":"<p>Modalidad: Tesis.<\/p>\n<p>Requisitos<\/p>\n<ol>\n<li>Solicitud dirigida al Decano de la Facultad.<\/li>\n<li>Fotocopia Notarialmente Legalizada del DNI. (Actualizado).<\/li>\n<li>Certificado negativo original de antecedentes penales vigente expedido por el registro judicial de condenas.<\/li>\n<li>Fotocopia Legalizada del Grado Acad\u00e9mico de Bachiller.<\/li>\n<li>Constancia de No Adeudar material bibliogr\u00e1fico, expedida por la Direcci\u00f3n General de Bibliotecas.<\/li>\n<li>Constancia de no adeudar bienes, expedida por la Facultad.<\/li>\n<li>Tres (03) fotograf\u00edas de frente tama\u00f1o pasaporte de reciente data (No escaneadas, no digitada), varones: saco y corbata y mujeres: traje formal.<\/li>\n<li>Recibo de la Oficina de Econom\u00eda, que acredite el pago de los derechos (Caja \u2013 UNSA).<\/li>\n<li>Libreta de Notas (Actualizado: sin deuda pendiente).<\/li>\n<li>Tres Ejemplares de Tesis.<\/li>\n<li>Fotocopia de la Resoluci\u00f3n de Aprobaci\u00f3n del Proyecto de Tesis.<\/li>\n<li>Grabar los siguientes archivos en un CD o DVD.<\/li>\n<\/ol>\n<ul>\n<li><u>Foto digitalizada<\/u>. Grabar en jpg: dimensiones 274&#215;354 pixeles, resoluci\u00f3n m\u00ednima 300dpi, tama\u00f1o del archivo np mayor a 50 kb, sin sellos ni enmendaduras. Grabar el sello con la indicaci\u00f3n FOTO es con terno y en fondo blanco. Que cumpla las caracter\u00edsticas publicadas en https:\/\/goo.gl\/mmx3mz.<\/li>\n<li><u>Constancia de Egresado<\/u>. Escaneada en presentaci\u00f3n vertical. Grabar en PDF, debidamente firmada y con huella digital del \u00edndice derecho. Grabar con nombre: CONSTANCIA DE EGRESADO, que se visualice las firmas y post firma.<\/li>\n<li><u>Constancia de la Primera Matricula\u00a0 <\/u>(primer a\u00f1o de estudios), escaneada. Grabar en PDF debidamente firmada y con huella digital del \u00edndice derecho. Grabar con nombre: CONSTANCIA DE PRIMERA MATRICULA.<\/li>\n<\/ul>\n<ol start=\"13\">\n<li>Constancia emitida por la biblioteca de cada \u00e1rea, en donde figure que el estudiante ha cumplido con los requisitos para la participaci\u00f3n en los portal de Tesis Electr\u00f3nicas CYBERTESIS y el portal de tesis Latinoamericas de UNESCO. (Despu\u00e9s de la sustentaci\u00f3n presentar en su escuela profesional respectiva).<\/li>\n<\/ol>\n","protected":false},"excerpt":{"rendered":"<p>Modalidad: Tesis. Requisitos Solicitud dirigida al Decano de la Facultad. Fotocopia Notarialmente Legalizada del DNI. (Actualizado). Certificado negativo original de antecedentes penales vigente expedido por el registro judicial de condenas. Fotocopia Legalizada del Grado Acad\u00e9mico de Bachiller. Constancia de No Adeudar material bibliogr\u00e1fico, expedida por la Direcci\u00f3n General de Bibliotecas. Constancia de no adeudar bienes, [&hellip;]<\/p>\n","protected":false},"author":1,"featured_media":0,"parent":0,"menu_order":0,"comment_status":"closed","ping_status":"closed","template":"","meta":{"_acf_changed":false,"footnotes":""},"class_list":["post-1083","page","type-page","status-publish","hentry"],"acf":[],"_links":{"self":[{"href":"https:\/\/fcb.unsa.edu.pe\/pesquera\/wp-json\/wp\/v2\/pages\/1083","targetHints":{"allow":["GET"]}}],"collection":[{"href":"https:\/\/fcb.unsa.edu.pe\/pesquera\/wp-json\/wp\/v2\/pages"}],"about":[{"href":"https:\/\/fcb.unsa.edu.pe\/pesquera\/wp-json\/wp\/v2\/types\/page"}],"author":[{"embeddable":true,"href":"https:\/\/fcb.unsa.edu.pe\/pesquera\/wp-json\/wp\/v2\/users\/1"}],"replies":[{"embeddable":true,"href":"https:\/\/fcb.unsa.edu.pe\/pesquera\/wp-json\/wp\/v2\/comments?post=1083"}],"version-history":[{"count":0,"href":"https:\/\/fcb.unsa.edu.pe\/pesquera\/wp-json\/wp\/v2\/pages\/1083\/revisions"}],"wp:attachment":[{"href":"https:\/\/fcb.unsa.edu.pe\/pesquera\/wp-json\/wp\/v2\/media?parent=1083"}],"curies":[{"name":"wp","href":"https:\/\/api.w.org\/{rel}","templated":true}]}}