{"id":2128,"date":"2024-08-12T17:09:29","date_gmt":"2024-08-12T17:09:29","guid":{"rendered":"https:\/\/fcb.unsa.edu.pe\/pesquera\/?page_id=2128"},"modified":"2025-07-22T21:10:40","modified_gmt":"2025-07-22T21:10:40","slug":"competencias-generales","status":"publish","type":"page","link":"https:\/\/fcb.unsa.edu.pe\/pesquera\/competencias-generales\/","title":{"rendered":"Competencias Generales"},"content":{"rendered":"<ul>\n<li style=\"list-style-type: none\">\n<ul>\n<li>Desarrolla investigaci\u00f3n cient\u00edfica, tecnol\u00f3gica y human\u00edstica empleando m\u00e9todos, enfoques y dise\u00f1os acordes con su objeto de estudio, proponiendo de manera creativa e innovadora nuevos conceptos y conocimientos que le permiten llevar a cabo proyectos para transformar ideas en bienes y servicios, en el marco de los Objetivos de Desarrollo Sostenible ODS, que aportan a la soluci\u00f3n de los problemas acad\u00e9micos, sociales y ambientales.<\/li>\n<li>Act\u00faa de manera responsable y emp\u00e1tica ante los desaf\u00edos sociales, \u00e9ticos y est\u00e9ticos, ambientales, econ\u00f3micos y democr\u00e1ticos, para fortalecer las cualidades morales y \u00e9ticas del ciudadano, contribuyendo al bienestar general de la comunidad, sobre la base del desarrollo de su identidad y respeto a los derechos fundamentales.<\/li>\n<li>Gestiona informaci\u00f3n relevante en el proceso de aprendizaje, empleando recursos multimediales y multimodales como una acci\u00f3n din\u00e1mica de actualizaci\u00f3n constante y adaptaci\u00f3n a un entorno cambiante.<\/li>\n<li>Analiza, eval\u00faa y sintetiza la consistencia de los razonamientos de situaciones y hechos que se quieren resolver, interconectando las distintas dimensiones que las conforman y aprovechando los conceptos fundamentales de las ciencias inform\u00e1ticas, para proponer soluciones reales y cotidianas.<\/li>\n<li>Asume responsabilidades y decisiones informadas para dirigirlas hacia el logro de objetivos individuales y colectivos, sobre la base del trabajo en equipo, para propiciar el respeto y la confianza en las opiniones de los otros a trav\u00e9s de una comunicaci\u00f3n efectiva con empat\u00eda, liderando la transformaci\u00f3n de la universidad y de la sociedad.<\/li>\n<\/ul>\n<\/li>\n<\/ul>\n","protected":false},"excerpt":{"rendered":"<p>Desarrolla investigaci\u00f3n cient\u00edfica, tecnol\u00f3gica y human\u00edstica empleando m\u00e9todos, enfoques y dise\u00f1os acordes con su objeto de estudio, proponiendo de manera creativa e innovadora nuevos conceptos y conocimientos que le permiten llevar a cabo proyectos para transformar ideas en bienes y servicios, en el marco de los Objetivos de Desarrollo Sostenible ODS, que aportan a la [&hellip;]<\/p>\n","protected":false},"author":8,"featured_media":2134,"parent":0,"menu_order":0,"comment_status":"closed","ping_status":"closed","template":"","meta":{"_acf_changed":false,"footnotes":""},"class_list":["post-2128","page","type-page","status-publish","has-post-thumbnail","hentry"],"acf":[],"_links":{"self":[{"href":"https:\/\/fcb.unsa.edu.pe\/pesquera\/wp-json\/wp\/v2\/pages\/2128","targetHints":{"allow":["GET"]}}],"collection":[{"href":"https:\/\/fcb.unsa.edu.pe\/pesquera\/wp-json\/wp\/v2\/pages"}],"about":[{"href":"https:\/\/fcb.unsa.edu.pe\/pesquera\/wp-json\/wp\/v2\/types\/page"}],"author":[{"embeddable":true,"href":"https:\/\/fcb.unsa.edu.pe\/pesquera\/wp-json\/wp\/v2\/users\/8"}],"replies":[{"embeddable":true,"href":"https:\/\/fcb.unsa.edu.pe\/pesquera\/wp-json\/wp\/v2\/comments?post=2128"}],"version-history":[{"count":3,"href":"https:\/\/fcb.unsa.edu.pe\/pesquera\/wp-json\/wp\/v2\/pages\/2128\/revisions"}],"predecessor-version":[{"id":2160,"href":"https:\/\/fcb.unsa.edu.pe\/pesquera\/wp-json\/wp\/v2\/pages\/2128\/revisions\/2160"}],"wp:featuredmedia":[{"embeddable":true,"href":"https:\/\/fcb.unsa.edu.pe\/pesquera\/wp-json\/wp\/v2\/media\/2134"}],"wp:attachment":[{"href":"https:\/\/fcb.unsa.edu.pe\/pesquera\/wp-json\/wp\/v2\/media?parent=2128"}],"curies":[{"name":"wp","href":"https:\/\/api.w.org\/{rel}","templated":true}]}}